ors of 151945.
5, 30389
What are the prime factors of 987207?
3, 13, 17, 1489
List the prime factors of 760918.
2, 380459
What are the prime factors of 2672806?
2, 19, 37, 1901
What are the prime factors of 13590833?
19, 197, 3631
List the prime factors of 1983520.
2, 5, 7, 11, 23
List the prime factors of 580028.
2, 145007
List the prime factors of 5338255.
5, 13, 17, 4831
What are the prime factors of 12567317?
7, 1795331
What are the prime factors of 783451?
797, 983
List the prime factors of 2523700.
2, 5, 25237
List the prime factors of 9335785.
5, 1867157
What are the prime factors of 8224686?
2, 3, 223, 683
List the prime factors of 1047822.
2, 3, 174637
List the prime factors of 155127.
3, 7, 83, 89
List the prime factors of 3268758.
2, 3, 544793
What are the prime factors of 75187?
7, 23, 467
List the prime factors of 516968.
2, 64621
List the prime factors of 10853.
10853
What are the prime factors of 3333879?
3, 79, 521
What are the prime factors of 1522075?
5, 107, 569
List the prime factors of 6723578.
2, 619, 5431
List the prime factors of 641108.
2, 13, 12329
What are the prime factors of 287780?
2, 5, 14389
List the prime factors of 1972731.
3, 17, 47, 823
What are the prime factors of 96872?
2, 12109
What are the prime factors of 3559553?
73, 48761
What are the prime factors of 482528?
2, 17, 887
List the prime factors of 1432008.
2, 3, 19889
List the prime factors of 592431.
3, 7, 28211
What are the prime factors of 433483?
17, 43, 593
What are the prime factors of 4624724?
2, 13, 88937
What are the prime factors of 3901577?
367, 10631
List the prime factors of 326054.
2, 163027
List the prime factors of 1528689.
3, 509563
What are the prime factors of 4390070?
2, 5, 439007
List the prime factors of 1717296.
2, 3, 7, 19, 269
What are the prime factors of 2438271?
3, 11, 2239
What are the prime factors of 8407196?
2, 7, 19, 15803
What are the prime factors of 943843?
943843
What are the prime factors of 8057996?
2, 2014499
What are the prime factors of 38203036?
2, 31, 53, 5813
What are the prime factors of 10251802?
2, 11, 43, 10837
What are the prime factors of 1614775?
5, 64591
List the prime factors of 1300547.
1033, 1259
What are the prime factors of 4432056?
2, 3, 184669
List the prime factors of 458204.
2, 19, 6029
List the prime factors of 1574432.
2, 49201
What are the prime factors of 904058?
2, 19, 37, 643
What are the prime factors of 96959?
96959
List the prime factors of 2443549.
79, 30931
List the prime factors of 889842.
2, 3, 43, 3449
What are the prime factors of 4559815?
5, 13, 29, 41, 59
List the prime factors of 178237.
137, 1301
What are the prime factors of 18247743?
3, 947, 2141
List the prime factors of 326228.
2, 7, 61, 191
What are the prime factors of 1655524?
2, 13, 31, 79
List the prime factors of 241770.
2, 3, 5, 8059
List the prime factors of 283156.
2, 29, 2441
List the prime factors of 305927.
305927
What are the prime factors of 7339447?
7339447
List the prime factors of 374989.
374989
What are the prime factors of 1118498?
2, 17, 67, 491
What are the prime factors of 4166189?
149, 27961
List the prime factors of 2191128.
2, 3, 91297
What are the prime factors of 1968757?
7, 281251
List the prime factors of 400304.
2, 127, 197
List the prime factors of 14450693.
23, 59, 463
List the prime factors of 9522191.
7, 1360313
What are the prime factors of 3084588?
2, 3, 13
List the prime factors of 126332.
2, 31583
What are the prime factors of 763452?
2, 3, 7069
List the prime factors of 1711829.
7, 244547
List the prime factors of 3172035.
3, 5, 211469
List the prime factors of 2455220.
2, 5, 122761
List the prime factors of 13704459.
3, 103, 44351
What are the prime factors of 403378?
2, 139, 1451
What are the prime factors of 384951?
3, 7, 23, 797
List the prime factors of 140758.
2, 70379
List the prime factors of 428164.
2, 11, 37, 263
What are the prime factors of 498554?
2, 7, 149, 239
What are the prime factors of 71823?
3, 89, 269
What are the prime factors of 5896982?
2, 7, 13, 32401
What are the prime factors of 2490915?
3, 5, 7, 3389
What are the prime factors of 675926?
2, 41, 8243
What are the prime factors of 2668862?
2, 7, 190633
What are the prime factors of 253660?
2, 5, 11, 1153
List the prime factors of 2904822.
2, 3, 43, 139
What are the prime factors of 839249?
19, 44171
List the prime factors of 285249.
3, 95083
What are the prime factors of 3447738?
2, 3, 7, 1303
What are the prime factors of 7808030?
2, 5, 780803
List the prime factors of 1004964.
2, 3, 83, 1009
List the prime factors of 7824381.
3, 2608127
List the prime factors of 18690733.
18690733
List the prime factors of 22675.
5, 907
What are the prime factors of 864453?
3, 107, 2693
What are the prime factors of 1984725?
3, 5, 8821
What are the prime factors of 5008515?
3, 5, 31, 10771
List the prime factors of 1022553.
3, 7, 16231
What are the prime factors of 75358?
2, 41, 919
What are the prime factors of 4442757?
3, 11, 12239
List the prime factors of 390898.
2, 17, 11497
List the prime factors of 2601987.
3, 149, 5821
What are the prime factors of 5782758?
2, 3, 963793
What are the prime factors of 11771915?
5, 307, 7669
What are the prime factors of 219626?
2, 11, 67, 149
What are the prime factors of 608516?
2, 149, 1021
What are the prime factors of 540475?
5, 13, 1663
List the prime factors of 2613085.
5, 503, 1039
List the prime factors of 9742347.
3, 29, 163, 229
What are the prime factors of 203890?
2, 5, 20389
What are the prime factors of 75335?
5, 13, 19, 61
What are the prime factors of 2441563?
2441563
What are the prime factors of 9382691?
17, 547, 1009
What are the prime factors of 7307074?
2, 1409, 2593
What are the prime factors of 198761?
198761
List the prime factors of 908055.
3, 5, 17, 1187
List the prime factors of 12445307.
7, 971, 1831
What are the prime factors of 55278?
2, 3, 37, 83
What are the prime factors of 26136762?
2, 3, 41, 181, 587
What are the prime factors of 64444?
2, 16111
What are the prime factors of 1803763?
13, 89, 1559
What are the prime factors of 6538119?
3, 7, 79, 563
List the prime factors of 22248722.
2, 11124361
What are the prime factors of 21939523?
101, 217223
What are the prime factors of 6334748?
2, 7, 226241
List the prime factors of 10892758.
2, 5446379
What are the prime factors of 1574379?
3, 174931
What are the prime factors of 873698?
2, 7, 17, 3671
List the prime factors of 336476.
2, 7, 61, 197
What are the prime factors of 8743324?
2, 457, 4783
List the prime factors of 730631.
11, 127, 523
List the prime factors of 603322.
2, 31, 37, 263
List the prime factors of 1028436.
2, 3, 85703
What are the prime factors of 4889401?
11, 43, 10337
What are the prime factors of 3885984?
2, 3, 103, 131
What are the prime factors of 1114910?
2, 5, 111491
What are the prime factors of 86344?
2, 43, 251
What are the prime factors of 14593952?
2, 456061
What are the prime factors of 253638?
2, 3, 7, 11, 61
What are the prime factors of 1583070?
2, 3, 5, 52769
List the prime factors of 546096.
2, 3, 31, 367
List the prime factors of 210262.
2, 13, 8087
List the prime factors of 120272.
2, 7517
What are the prime factors of 5690824?
2, 711353
List the prime factors of 8025313.
53, 2857
What are the prime factors of 1199219?
7, 171317
What are the prime factors of 16566110?
2, 5, 11, 13691
What are the prime factors of 2026295?
5, 181, 2239
What are the prime factors of 1405239?
3, 11, 97, 439
What are the prime factors of 36823?
23, 1601
List the prime factors of 5268338.
2, 401, 6569
List the prime factors of 24866192.
2, 13, 119549
List the prime factors of 3784689.
3, 420521
What are the prime factors of 160200?
2, 3, 5, 89
List the prime factors of 5283305.
5, 53, 19937
What are the prime factors of 18500350?
2, 5, 11, 33637
What are the prime factors of 1865812?
2, 13, 53, 677
List the prime factors of 1762723.
1009, 1747
What are the prime factors of 1778433?
3, 47, 12613
List the prime factors of 6441235.
5, 1288247
What are the prime factors of 1459784?
2, 182473
List the prime factors of 2190368.
2, 68449
What are the prime factors of 6937791?
3, 7, 101, 3271
List the prime factors of 2470770.
2, 3, 5, 9151
List the prime factors of 507915.
3, 5, 11287
L